{"id":233,"date":"2023-03-09T17:36:50","date_gmt":"2023-03-09T16:36:50","guid":{"rendered":"http:\/\/saintbody.com\/?post_type=product&#038;p=233"},"modified":"2026-04-11T16:29:09","modified_gmt":"2026-04-11T14:29:09","slug":"crop-top-z-dzianiny-czarny","status":"publish","type":"product","link":"https:\/\/saintbody.com\/ukr\/crop-top-z-dzianiny-czarny\/","title":{"rendered":"\u0422\u0440\u0438\u043a\u043e\u0442\u0430\u0436\u043d\u0438\u0439 \u043a\u0440\u043e\u043f-\u0442\u043e\u043f \u0447\u043e\u0440\u043d\u0438\u0439"},"content":{"rendered":"<p>\u041a\u043b\u0430\u0441\u0438\u0447\u043d\u0438\u0439 \u0447\u043e\u0440\u043d\u0438\u0439 \u043a\u0440\u043e\u043f-\u0442\u043e\u043f \u0437 \u043a\u0440\u0443\u0433\u043b\u0438\u043c \u0432\u0438\u0440\u0456\u0437\u043e\u043c \u0442\u0435\u043f\u0435\u0440 \u0434\u043e\u0441\u0442\u0443\u043f\u043d\u0438\u0439 \u0443 \u043f\u043e\u0434\u043e\u0432\u0436\u0435\u043d\u043e\u043c\u0443 \u0432\u0430\u0440\u0456\u0430\u043d\u0442\u0456. \u0414\u043e\u0432\u0436\u0438\u043d\u0430 \u043a\u0440\u043e\u043f-\u0442\u043e\u043f\u0430 \u0437\u0431\u0456\u043b\u044c\u0448\u0435\u043d\u0430 \u043d\u0430 2 \u0441\u043c, \u0437\u0430\u0432\u0434\u044f\u043a\u0438 \u0447\u043e\u043c\u0443 \u0432\u0456\u043d \u0441\u044f\u0433\u0430\u0454 \u043b\u0456\u043d\u0456\u0457 \u0441\u0442\u0435\u0433\u043e\u043d. \u041f\u043e\u0437\u0430\u0447\u0430\u0441\u043e\u0432\u0438\u0439 \u0456 \u043f\u0440\u043e\u0441\u0442\u0438\u0439 \u043a\u0440\u0456\u0439. \u041f\u043e\u0434\u0432\u0456\u0439\u043d\u0438\u0439 \u0448\u0430\u0440 \u0442\u0440\u0438\u043a\u043e\u0442\u0430\u0436\u0443, \u0431\u0435\u0437\u0448\u043e\u0432\u043d\u0430 \u043e\u0431\u0440\u043e\u0431\u043a\u0430 \u0442\u0430 \u0435\u043b\u0430\u0441\u0442\u0438\u0447\u043d\u0456 \u043d\u0438\u0442\u043a\u0438 \u0437\u0430\u0431\u0435\u0437\u043f\u0435\u0447\u0443\u044e\u0442\u044c \u0432\u0438\u0441\u043e\u043a\u0438\u0439 \u043a\u043e\u043c\u0444\u043e\u0440\u0442 \u043f\u0440\u0438 \u043d\u043e\u0441\u0456\u043d\u043d\u0456. \u0414\u043e\u0431\u0440\u0435 \u043f\u043e\u0454\u0434\u043d\u0443\u0454\u0442\u044c\u0441\u044f \u0437 \u0431\u0440\u044e\u043a\u0430\u043c\u0438 \u0456\u0437 \u0437\u0430\u0432\u0438\u0449\u0435\u043d\u043e\u044e \u0442\u0430\u043b\u0456\u0454\u044e.<\/p>\n<p>\u0412\u0438\u0440\u0456\u0431 \u043f\u043e\u0448\u0438\u0442\u0438\u0439 \u0443 \u041f\u043e\u043b\u044c\u0449\u0456 \u0437 \u0442\u043a\u0430\u043d\u0438\u043d\u0438, \u0432\u0438\u0440\u043e\u0431\u043b\u0435\u043d\u043e\u0457 \u043d\u0430 \u043f\u043e\u043b\u044c\u0441\u044c\u043a\u0456\u0439 \u0442\u0440\u0438\u043a\u043e\u0442\u0430\u0436\u043d\u0456\u0439 \u0444\u0430\u0431\u0440\u0438\u0446\u0456.<br \/>\n\u041c\u043e\u0434\u0435\u043b\u044c \u043c\u0430\u0454 \u0437\u0440\u0456\u0441\u0442 178 \u0441\u043c \u0456 \u043d\u043e\u0441\u0438\u0442\u044c \u0440\u043e\u0437\u043c\u0456\u0440 S.<\/p>\n<p>\u0422\u0430\u043a\u043e\u0436 \u043e\u0437\u043d\u0430\u0439\u043e\u043c\u0442\u0435\u0441\u044f \u0437 \u043d\u0430\u0448\u0438\u043c\u0438 \u0431\u0435\u0441\u0442\u0441\u0435\u043b\u0435\u0440\u0430\u043c\u0438 -\u00a0<a href=\"https:\/\/saintbody.com\/ukr\/kategoria\/spodnie\/\">\u0448\u0442\u0430\u043d\u0438<\/a> !<br \/>\n\u0417\u0430\u0432\u0456\u0442\u0430\u0439\u0442\u0435 \u043d\u0430 \u043d\u0430\u0448 <a href=\"https:\/\/www.instagram.com\/saintbodyofficial\/\">\u0456\u043d\u0441\u0442\u0430\u0433\u0440\u0430\u043c<\/a>.<\/p>","protected":false},"excerpt":{"rendered":"<p>Klasyczny, czarny crop top pod szyj\u0119 z okr\u0105g\u0142ym dekoltem teraz w wyd\u0142u\u017conej wersji. D\u0142ugo\u015bc crop topu zosta\u0142a wyd\u0142u\u017cona o 2 cm sprawiaj\u0105c, \u017ce crop top si\u0119ga do lini bioder. Ponadczasowy i prosty kr\u00f3j. Podw\u00f3jna warstwa dzianiny, bezszwowe wyko\u0144czenie, elastyczne nici zapewniaj\u0105 wysoki komfort noszenia. \u015awietnie komponuje si\u0119 ze spodniami o podwy\u017cszonym stanie. Produkt szyty w [&hellip;]<\/p>","protected":false},"featured_media":59576,"template":"","meta":[],"product_brand":[],"product_cat":[183,37,20],"product_tag":[38],"class_list":{"0":"post-233","1":"product","2":"type-product","3":"status-publish","4":"has-post-thumbnail","6":"product_cat-sale","7":"product_cat-topy","8":"product_cat-wszystko","9":"product_tag-topy","11":"first","12":"instock","13":"sale","14":"taxable","15":"shipping-taxable","16":"purchasable","17":"product-type-variable"},"yoast_head":"<!-- This site is optimized with the Yoast SEO plugin v27.0 - https:\/\/yoast.com\/product\/yoast-seo-wordpress\/ -->\n<title>Czarny crop top - idealny na codzie\u0144 - Crop Top z dzianiny\u00a0czarny - Sklep SAINTBODY<\/title>\n<meta name=\"description\" content=\"Klasyczny, czarny crop top pod szyj\u0119 z okr\u0105g\u0142ym dekoltem teraz w wyd\u0142u\u017conej wersji, podw\u00f3jna warstwa dzianiny, bezszwowe wyko\u0144czenie, elastyczne nici.\" \/>\n<meta name=\"robots\" content=\"index, follow, max-snippet:-1, max-image-preview:large, max-video-preview:-1\" \/>\n<link rel=\"canonical\" href=\"https:\/\/saintbody.com\/ukr\/crop-top-z-dzianiny-czarny\/\" \/>\n<meta property=\"og:locale\" content=\"uk_UA\" \/>\n<meta property=\"og:type\" content=\"article\" \/>\n<meta property=\"og:title\" content=\"Czarny crop top - idealny na codzie\u0144 - Crop Top z dzianiny\u00a0czarny - Sklep SAINTBODY\" \/>\n<meta property=\"og:description\" content=\"Klasyczny, czarny crop top pod szyj\u0119 z okr\u0105g\u0142ym dekoltem teraz w wyd\u0142u\u017conej wersji, podw\u00f3jna warstwa dzianiny, bezszwowe wyko\u0144czenie, elastyczne nici.\" \/>\n<meta property=\"og:url\" content=\"https:\/\/saintbody.com\/ukr\/crop-top-z-dzianiny-czarny\/\" \/>\n<meta property=\"og:site_name\" content=\"Sklep SAINTBODY\" \/>\n<meta property=\"article:publisher\" content=\"https:\/\/facebook.com\/saintbody\/\" \/>\n<meta property=\"article:modified_time\" content=\"2026-04-11T14:29:09+00:00\" \/>\n<meta property=\"og:image\" content=\"https:\/\/saintbody.com\/wp-content\/uploads\/2023\/03\/Saint-Body-Fall-Stories-4168-Luci-Studio.jpeg\" \/>\n\t<meta property=\"og:image:width\" content=\"1365\" \/>\n\t<meta property=\"og:image:height\" content=\"2048\" \/>\n\t<meta property=\"og:image:type\" content=\"image\/jpeg\" \/>\n<meta name=\"twitter:card\" content=\"summary_large_image\" \/>\n<meta name=\"twitter:label1\" content=\"\u041f\u0440\u0438\u0431\u043b. \u0447\u0430\u0441 \u0447\u0438\u0442\u0430\u043d\u043d\u044f\" \/>\n\t<meta name=\"twitter:data1\" content=\"1 \u0445\u0432\u0438\u043b\u0438\u043d\u0430\" \/>\n<script type=\"application\/ld+json\" class=\"yoast-schema-graph\">{\"@context\":\"https:\/\/schema.org\",\"@graph\":[{\"@type\":\"WebPage\",\"@id\":\"https:\/\/saintbody.com\/crop-top-z-dzianiny-czarny\/\",\"url\":\"https:\/\/saintbody.com\/crop-top-z-dzianiny-czarny\/\",\"name\":\"Czarny crop top - idealny na codzie\u0144 - Crop Top z dzianiny\u00a0czarny - Sklep SAINTBODY\",\"isPartOf\":{\"@id\":\"https:\/\/saintbody.com\/#website\"},\"primaryImageOfPage\":{\"@id\":\"https:\/\/saintbody.com\/crop-top-z-dzianiny-czarny\/#primaryimage\"},\"image\":{\"@id\":\"https:\/\/saintbody.com\/crop-top-z-dzianiny-czarny\/#primaryimage\"},\"thumbnailUrl\":\"https:\/\/saintbody.com\/wp-content\/uploads\/2023\/03\/Saint-Body-Fall-Stories-4168-Luci-Studio.jpeg\",\"datePublished\":\"2023-03-09T16:36:50+00:00\",\"dateModified\":\"2026-04-11T14:29:09+00:00\",\"description\":\"Klasyczny, czarny crop top pod szyj\u0119 z okr\u0105g\u0142ym dekoltem teraz w wyd\u0142u\u017conej wersji, podw\u00f3jna warstwa dzianiny, bezszwowe wyko\u0144czenie, elastyczne nici.\",\"breadcrumb\":{\"@id\":\"https:\/\/saintbody.com\/crop-top-z-dzianiny-czarny\/#breadcrumb\"},\"inLanguage\":\"uk\",\"potentialAction\":[{\"@type\":\"ReadAction\",\"target\":[\"https:\/\/saintbody.com\/crop-top-z-dzianiny-czarny\/\"]}]},{\"@type\":\"ImageObject\",\"inLanguage\":\"uk\",\"@id\":\"https:\/\/saintbody.com\/crop-top-z-dzianiny-czarny\/#primaryimage\",\"url\":\"https:\/\/saintbody.com\/wp-content\/uploads\/2023\/03\/Saint-Body-Fall-Stories-4168-Luci-Studio.jpeg\",\"contentUrl\":\"https:\/\/saintbody.com\/wp-content\/uploads\/2023\/03\/Saint-Body-Fall-Stories-4168-Luci-Studio.jpeg\",\"width\":1365,\"height\":2048},{\"@type\":\"BreadcrumbList\",\"@id\":\"https:\/\/saintbody.com\/crop-top-z-dzianiny-czarny\/#breadcrumb\",\"itemListElement\":[{\"@type\":\"ListItem\",\"position\":1,\"name\":\"Strona g\u0142\u00f3wna\",\"item\":\"https:\/\/saintbody.com\/\"},{\"@type\":\"ListItem\",\"position\":2,\"name\":\"Sklep\",\"item\":\"https:\/\/saintbody.com\/sklep\/\"},{\"@type\":\"ListItem\",\"position\":3,\"name\":\"Crop Top z dzianiny\u00a0czarny\"}]},{\"@type\":\"WebSite\",\"@id\":\"https:\/\/saintbody.com\/#website\",\"url\":\"https:\/\/saintbody.com\/\",\"name\":\"Sklep SAINTBODY\",\"description\":\"Premium basic na ka\u00c5\u00bcd\u00c4\u2026 okazje. Ponadczasowe Body, Odzie\u00c5\u00bc damska, Sukienki Damskie\",\"publisher\":{\"@id\":\"https:\/\/saintbody.com\/#organization\"},\"potentialAction\":[{\"@type\":\"SearchAction\",\"target\":{\"@type\":\"EntryPoint\",\"urlTemplate\":\"https:\/\/saintbody.com\/?s={search_term_string}\"},\"query-input\":{\"@type\":\"PropertyValueSpecification\",\"valueRequired\":true,\"valueName\":\"search_term_string\"}}],\"inLanguage\":\"uk\"},{\"@type\":\"Organization\",\"@id\":\"https:\/\/saintbody.com\/#organization\",\"name\":\"Sklep Saint Body\",\"url\":\"https:\/\/saintbody.com\/\",\"logo\":{\"@type\":\"ImageObject\",\"inLanguage\":\"uk\",\"@id\":\"https:\/\/saintbody.com\/#\/schema\/logo\/image\/\",\"url\":\"https:\/\/saintbody.com\/wp-content\/uploads\/2023\/04\/SaintBody_Logo_Typografia-e1691418926919.png\",\"contentUrl\":\"https:\/\/saintbody.com\/wp-content\/uploads\/2023\/04\/SaintBody_Logo_Typografia-e1691418926919.png\",\"width\":1000,\"height\":202,\"caption\":\"Sklep Saint Body\"},\"image\":{\"@id\":\"https:\/\/saintbody.com\/#\/schema\/logo\/image\/\"},\"sameAs\":[\"https:\/\/facebook.com\/saintbody\/\"]}]}<\/script>\n<!-- \/ Yoast SEO plugin. -->","yoast_head_json":{"title":"Czarny crop top - idealny na codzie\u0144 - Crop Top z dzianiny\u00a0czarny - Sklep SAINTBODY","description":"Klasyczny, czarny crop top pod szyj\u0119 z okr\u0105g\u0142ym dekoltem teraz w wyd\u0142u\u017conej wersji, podw\u00f3jna warstwa dzianiny, bezszwowe wyko\u0144czenie, elastyczne nici.","robots":{"index":"index","follow":"follow","max-snippet":"max-snippet:-1","max-image-preview":"max-image-preview:large","max-video-preview":"max-video-preview:-1"},"canonical":"https:\/\/saintbody.com\/ukr\/crop-top-z-dzianiny-czarny\/","og_locale":"uk_UA","og_type":"article","og_title":"Czarny crop top - idealny na codzie\u0144 - Crop Top z dzianiny\u00a0czarny - Sklep SAINTBODY","og_description":"Klasyczny, czarny crop top pod szyj\u0119 z okr\u0105g\u0142ym dekoltem teraz w wyd\u0142u\u017conej wersji, podw\u00f3jna warstwa dzianiny, bezszwowe wyko\u0144czenie, elastyczne nici.","og_url":"https:\/\/saintbody.com\/ukr\/crop-top-z-dzianiny-czarny\/","og_site_name":"Sklep SAINTBODY","article_publisher":"https:\/\/facebook.com\/saintbody\/","article_modified_time":"2026-04-11T14:29:09+00:00","og_image":[{"width":1365,"height":2048,"url":"https:\/\/saintbody.com\/wp-content\/uploads\/2023\/03\/Saint-Body-Fall-Stories-4168-Luci-Studio.jpeg","type":"image\/jpeg"}],"twitter_card":"summary_large_image","twitter_misc":{"\u041f\u0440\u0438\u0431\u043b. \u0447\u0430\u0441 \u0447\u0438\u0442\u0430\u043d\u043d\u044f":"1 \u0445\u0432\u0438\u043b\u0438\u043d\u0430"},"schema":{"@context":"https:\/\/schema.org","@graph":[{"@type":"WebPage","@id":"https:\/\/saintbody.com\/crop-top-z-dzianiny-czarny\/","url":"https:\/\/saintbody.com\/crop-top-z-dzianiny-czarny\/","name":"Czarny crop top - idealny na codzie\u0144 - Crop Top z dzianiny\u00a0czarny - Sklep SAINTBODY","isPartOf":{"@id":"https:\/\/saintbody.com\/#website"},"primaryImageOfPage":{"@id":"https:\/\/saintbody.com\/crop-top-z-dzianiny-czarny\/#primaryimage"},"image":{"@id":"https:\/\/saintbody.com\/crop-top-z-dzianiny-czarny\/#primaryimage"},"thumbnailUrl":"https:\/\/saintbody.com\/wp-content\/uploads\/2023\/03\/Saint-Body-Fall-Stories-4168-Luci-Studio.jpeg","datePublished":"2023-03-09T16:36:50+00:00","dateModified":"2026-04-11T14:29:09+00:00","description":"Klasyczny, czarny crop top pod szyj\u0119 z okr\u0105g\u0142ym dekoltem teraz w wyd\u0142u\u017conej wersji, podw\u00f3jna warstwa dzianiny, bezszwowe wyko\u0144czenie, elastyczne nici.","breadcrumb":{"@id":"https:\/\/saintbody.com\/crop-top-z-dzianiny-czarny\/#breadcrumb"},"inLanguage":"uk","potentialAction":[{"@type":"ReadAction","target":["https:\/\/saintbody.com\/crop-top-z-dzianiny-czarny\/"]}]},{"@type":"ImageObject","inLanguage":"uk","@id":"https:\/\/saintbody.com\/crop-top-z-dzianiny-czarny\/#primaryimage","url":"https:\/\/saintbody.com\/wp-content\/uploads\/2023\/03\/Saint-Body-Fall-Stories-4168-Luci-Studio.jpeg","contentUrl":"https:\/\/saintbody.com\/wp-content\/uploads\/2023\/03\/Saint-Body-Fall-Stories-4168-Luci-Studio.jpeg","width":1365,"height":2048},{"@type":"BreadcrumbList","@id":"https:\/\/saintbody.com\/crop-top-z-dzianiny-czarny\/#breadcrumb","itemListElement":[{"@type":"ListItem","position":1,"name":"Strona g\u0142\u00f3wna","item":"https:\/\/saintbody.com\/"},{"@type":"ListItem","position":2,"name":"Sklep","item":"https:\/\/saintbody.com\/sklep\/"},{"@type":"ListItem","position":3,"name":"Crop Top z dzianiny\u00a0czarny"}]},{"@type":"WebSite","@id":"https:\/\/saintbody.com\/#website","url":"https:\/\/saintbody.com\/","name":"Sklep SAINTBODY","description":"Premium basic na ka\u00c5\u00bcd\u00c4\u2026 okazje. Ponadczasowe Body, Odzie\u00c5\u00bc damska, Sukienki Damskie","publisher":{"@id":"https:\/\/saintbody.com\/#organization"},"potentialAction":[{"@type":"SearchAction","target":{"@type":"EntryPoint","urlTemplate":"https:\/\/saintbody.com\/?s={search_term_string}"},"query-input":{"@type":"PropertyValueSpecification","valueRequired":true,"valueName":"search_term_string"}}],"inLanguage":"uk"},{"@type":"Organization","@id":"https:\/\/saintbody.com\/#organization","name":"Sklep Saint Body","url":"https:\/\/saintbody.com\/","logo":{"@type":"ImageObject","inLanguage":"uk","@id":"https:\/\/saintbody.com\/#\/schema\/logo\/image\/","url":"https:\/\/saintbody.com\/wp-content\/uploads\/2023\/04\/SaintBody_Logo_Typografia-e1691418926919.png","contentUrl":"https:\/\/saintbody.com\/wp-content\/uploads\/2023\/04\/SaintBody_Logo_Typografia-e1691418926919.png","width":1000,"height":202,"caption":"Sklep Saint Body"},"image":{"@id":"https:\/\/saintbody.com\/#\/schema\/logo\/image\/"},"sameAs":["https:\/\/facebook.com\/saintbody\/"]}]}},"_links":{"self":[{"href":"https:\/\/saintbody.com\/ukr\/wp-json\/wp\/v2\/product\/233","targetHints":{"allow":["GET"]}}],"collection":[{"href":"https:\/\/saintbody.com\/ukr\/wp-json\/wp\/v2\/product"}],"about":[{"href":"https:\/\/saintbody.com\/ukr\/wp-json\/wp\/v2\/types\/product"}],"wp:featuredmedia":[{"embeddable":true,"href":"https:\/\/saintbody.com\/ukr\/wp-json\/wp\/v2\/media\/59576"}],"wp:attachment":[{"href":"https:\/\/saintbody.com\/ukr\/wp-json\/wp\/v2\/media?parent=233"}],"wp:term":[{"taxonomy":"product_brand","embeddable":true,"href":"https:\/\/saintbody.com\/ukr\/wp-json\/wp\/v2\/product_brand?post=233"},{"taxonomy":"product_cat","embeddable":true,"href":"https:\/\/saintbody.com\/ukr\/wp-json\/wp\/v2\/product_cat?post=233"},{"taxonomy":"product_tag","embeddable":true,"href":"https:\/\/saintbody.com\/ukr\/wp-json\/wp\/v2\/product_tag?post=233"}],"curies":[{"name":"wp","href":"https:\/\/api.w.org\/{rel}","templated":true}]}}